= -1 - 5. Suppose -l - y*l = -4*s + 8972, -4*s + 8972 = -4*l. Is s composite?
False
Let s = -20 - -24. Suppose z + r + 399 = -s*z, -324 = 4*z + 2*r. Let o = 346 + z. Is o a composite number?
True
Suppose -4*b - l = -93313, 0 = -20*l + 17*l - 9. Is b composite?
True
Let b(n) = 13*n. Let m(c) = -12*c. Let w(y) = -6*b(y) - 7*m(y). Let f be w(5). Let o = 23 + f. Is o a prime number?
True
Suppose 3*j + 4*z + 85 = 0, -4*z = 2*j - 3*z + 55. Let f be j/3*-10 - 3. Is (1 + 0)/(1/f) composite?
True
Let r = 37 + -31. Suppose 16 = r*c - 2. Suppose 5*l + 5*i = 410, -l = 4*l + c*i - 412. Is l composite?
False
Let n(o) = 10 - 24*o - 54*o + 25. Is n(-6) a composite number?
False
Let j = -2930 + 6031. Is j composite?
True
Let u = 301 + 3660. Is u a prime number?
False
Let u(p) = p**2 - 17*p - 26. Suppose 2*t + 48 = 4*t - x, 3*t - 72 = 3*x. Is u(t) a composite number?
True
Suppose 10*n = -5*o + 9*n + 33446, 2*o - 13379 = -n. Is o a composite number?
False
Let i = 15 - 9. Let h(d) = -d**2 + 6*d + 14. Is h(i) prime?
False
Suppose 0 = 5*f - 0*f - q - 15, 5*f = -2*q. Suppose 12 = f*l + 2*l. Suppose 2*i = 3*o - 791, -3*o - l*i = i - 821. Is o prime?
False
Suppose 0 = 5*a + 2*a - 28. Suppose -3*i = -a*i + 879. Is i a composite number?
True
Let l(b) = -b**3 + 5*b**2 - b - 4. Let i be l(5). Let d be (-15)/(-2)*(-6)/i. Suppose 189 = t + d*w, -w + 993 = -t + 6*t. Is t composite?
False
Suppose -10*x + 2379 = f - 14*x, 5*f - 11949 = 2*x. Is f composite?
True
Let y be (-80)/35 + (-4)/(-14). Let r be y/(-4)*(-52)/(-13). Suppose 7016 = -r*l + 10*l. Is l a composite number?
False
Let z be (4 - 5)*(0 + 4). Is (4 - 3)/(z/(-3556)) a composite number?
True
Suppose 3*z - 29804 - 8005 = 0. Is z a prime number?
False
Let v(g) = g**3 - 11*g**2 + 9*g + 14. Let t be v(10). Is (-109)/(-2)*8/t a composite number?
False
Let u be -5*2*1/(-2). Let f be (-2)/9 + 46168/72. Suppose -f = -u*s + y + y, 268 = 2*s + 5*y. Is s composite?
True
Suppose -1 = -u - 4*n, 4*u - 2 = 5*n + 2. Is (3 + -1)*u - -95 a composite number?
False
Let m(s) = s**2 + 4*s - 8. Let a be m(-5). Is ((-1282)/a)/((-2)/(-3)) prime?
True
Suppose 213984 = 46*k - 196474. Is k composite?
False
Suppose -2*j - 113 = -827. Suppose -j + 6078 = 3*y. Is y composite?
False
Let h(b) = b**2 + 2*b - 11. Let x be 1*8 - (-7 - -5). Is h(x) prime?
True
Let u(x) = -3 - 19*x - 4 + 20 + 12. Is u(-12) a prime number?
False
Suppose -5*b + 2*a = -64202, -5*b + 8*b = a + 38522. Is b a prime number?
False
Let k(q) = -20*q**2 - q + 1. Let d be k(-2). Let w = -28 + 25. Let y = w - d. Is y a composite number?
True
Suppose 2*j = -o + 78423, -8*j + 11*j = 3*o - 235287. Is o a prime number?
True
Let a = 8 + -6. Suppose a*f = -3*f + 3560. Let x = f + -225. Is x a prime number?
True
Let u(w) = 9*w**2 + 3*w + 14. Let f = -30 - -32. Suppose 4*s = -2*p - 2 - 0, -f*p + 22 = -4*s. Is u(p) composite?
True
Let w = -756 - -1604. Let c = 1195 - w. Is c composite?
False
Suppose -5*p + 2*p = 0. Suppose 41*n - 39*n - 374 = p. Is n composite?
True
Let m(z) = 6*z**2 + 55*z - 28. Is m(-57) composite?
True
Let k = -55845 + 98592. Is k a prime number?
False
Suppose -2*m = m + 2*t - 4, -4*m - 3*t + 6 = 0. Suppose m = 3*v + 2*y - 947, 7*v - 2*v - 3*y - 1591 = 0. Is v a prime number?
True
Suppose -3*z + 2*z = 4. Let w be (z/(-12) - 0)*3. Is (2194/6)/(w/3) composite?
False
Let r(x) = x**2 - 6*x + 9. Let m be r(7). Suppose b = 3*u + 506, 0 = 5*b + 5. Let f = m - u. Is f a composite number?
True
Let q be (-4)/(-26) + 969/39. Suppose 0 = 5*n - j - 20, -7*n + 3*n = j - q. Suppose -5*p - n + 60 = 4*w, -p - 3*w = -11. Is p a prime number?
True
Suppose -u - 3*u + 374 = 2*y, 4*y - 751 = -5*u. Suppose 182 = 7*r - y. Is r a prime number?
True
Suppose -5*k + 88 = -3*y, 80 = -0*k + 3*k + 5*y. Suppose -2*h = -3*t - 6*h - 38, -4*h - k = 0. Is 1138/12 - t/36 a composite number?
True
Let l(k) = -k**2 + 4*k + 2. Let u be (-2 + 0)/(4/(-8)). Let h be l(u). Suppose 0 = -5*g - h*c + 1295, c = 3*g + 42 - 819. Is g prime?
False
Suppose 6*i + 3*w - 217 = 5*i, -5*w - 595 = -3*i. Is i prime?
False
Suppose 2*h = 10 - 0, -2*q + 1210 = 4*h. Suppose -4*s = -q - 3369. Is s prime?
True
Let v be (60/(-35))/(2/(-7)). Is (9845/10)/(3/v) composite?
True
Let p(v) = 2*v**2 - 5*v + 17. Let f(w) = w - 8. Let o be f(2). Is p(o) prime?
False
Suppose 95*i = 87*i + 11768. Is i a prime number?
True
Let k be ((-36)/10)/((-3)/110). Let z = -327 - -567. Suppose 4*b + 275 = 3*o, -4*o + z + k = -4*b. Is o a prime number?
True
Suppose -2*s + 35 = 15. Let f(x) = 2*x**3 + 20*x**2 - 7*x**2 - 3*x**3 - x - s*x. Is f(11) a prime number?
False
Suppose -2*l + 4*l + 3*g = -13, 0 = 3*g - 3. Let s(a) be the first derivative of -36*a**2 - 19*a + 2. Is s(l) composite?
False
Let m(v) be the second derivative of v**5/20 + v**4/3 - v**3/6 + v**2 - 3*v. Let j be m(6). Is (-3)/(-12)*(0 + j) a composite number?
False
Suppose 2*z + h = 4326, -2*z + 6*h = h - 4302. Is z prime?
True
Suppose -3*v - 2*h = -0*h - 2015, 2*h + 3353 = 5*v. Is v a composite number?
True
Let f = -97 + 312. Let c = 510 - f. Is c a prime number?
False
Let j(a) = 12*a**3 + a**2 - 3*a + 13. Is j(5) a prime number?
True
Is (-36213 - 0)/(-3 - (-6 + 6)) composite?
False
Let o be -1 - 4/(-8) - (-12332)/8. Suppose -x = 2*q - 2515, -3*x + 3486 = 4*q - o. Is q prime?
True
Let w(h) = 333*h + 10. Let q(r) = -999*r - 29. Let u(b) = -6*q(b) - 17*w(b). Is u(5) a prime number?
True
Is 1 + -3 + 1117 + 6 + -6 composite?
True
Suppose -5*w = -32*w + 451467. Is w prime?
False
Let x = -3 - -7. Suppose -3*i = 2*t + i + 16, x*t = i + 13. Suppose 56 - 210 = -t*z. Is z composite?
True
Suppose -2*v = -3369 - 2113. Suppose -4*m + 5*q = -6758 + 1287, 2*m = -3*q + v. Is m composite?
True
Let x = -4061 + 6904. Is x prime?
True
Let n = -9 + 11. Suppose -5*m = n*r - 1221, r + m - 340 = 275. Suppose -l = l - r. Is l a composite number?
True
Let p be (-181)/(-3 - (-2 + 0)). Let w = p - 1. Suppose 3*v + 4*y + w = 7*v, 0 = -4*y + 4. Is v prime?
False
Let v = -565 - -1038. Is v a prime number?
False
Suppose 4*p + 11 = -f - 2, 3*p + 2*f = -16. Let r be (-6)/(p + (-26)/(-16)). Suppose -4*u + r + 72 = 0. Is u prime?
False
Suppose o - 5*o + 8 = 0. Suppose 8 = o*y - 2. Suppose q - 3*j = -j + 297, 0 = -q + y*j + 300. Is q composite?
True
Let h = -16402 + 23163. Is h composite?
False
Suppose -2*a + 0*a = -796. Suppose -20968 - a = -9*h. Is h a prime number?
False
Let g(d) = d**2 - 7*d - 6. Let a be g(8). Suppose 4*k - 1217 = -3*i + 5*k, -a*k - 806 = -2*i. Is i composite?
True
Let r(o) = 2*o**2 + 13*o + 17. Is r(40) prime?
False
Let a be -450 + 2*-1*(-9)/(-6). Let w = 264 - a. Is w prime?
False
Suppose 0 = -3*t + 14344 + 6758. Is t a prime number?
False
Suppose 205*x = 215*x - 121470. Is x a prime number?
False
Let k(t) = t**2 + 2*t - 3. Let l be k(-3). Suppose 5*f - 26 = -3*v, 4*f = -l*f + 16. Suppose -v*z = -381 - 193. Is z a prime number?
False
Let y = 7 + -11. Let u be (-8)/y + 0 - -1. Is (5 - 3) + (u - -116) a composite number?
True
Let t(r) = 48*r + 1. Let z(q) = 95*q + 3. Suppose -15 = -2*j - l, l - 5 = -4*j + 4*l. Let o(v) = j*t(v) - 3*z(v). Is o(-13) prime?
False
Let v(s) be the first derivative of 53*s**2/2 + 8*s - 20. Is v(7) a composite number?
False
Let p = 224 + -185. Is p a prime number?
False
Let s be (1 + -24)/(0 + (-2)/198). Suppose -3*j = 4*m - 9*m + 3803, 3*m = 3*j + s. Is m a prime number?
False
Let r = 18285 + -12304. Is r composite?
False
Let u = 18 - 16. Suppose 0 = u*a + 3*a - 10. Suppose 2*p + 198 = 4*c, a*c + 0*c + p = 89. Is c a prime number?
True
Let n be (-6)/8 + 56/32. Suppose 5*h - 21 = 2*g + 29, -3*g = 2*h - n. Suppose 5*o - h*o + 711 = 0. Is o composite?
True
Suppose -2*i + i = 2. Is 1*i*(2730/(-4) - -2) prime?
True
Let x(i) = 3*i**3 - 13*i**2 + 24*i + 129. Is x(17) a composite number?
False
Suppose -b - 30 = -168. Is (0 - 4) + b + -1 prime?
False
Let u(q) = q**3 + q - 1. Let d(g) = -3*g**3 + 9*g**2 - 8*g - 1. Let t be 6/(-4) + (-5)/2. Let m(l) = t*u(l) - d(l). Is m(-11) prime?
False
Let k = 48 + -44. Suppose h + 335 = -4*s + 2060, k*h + 4*s - 6960 = 0. Is h prime?
False
Let i = 36930 + -24733. Is i a composite number?
False
Let f = 9618 + 1343. Is f a prime number?
False
Let g = -2 + 2. Let y(j) = g*j**2 + 2*j + 2*j**2 + 7 - j**2. Is y(8) a prime number?
False
Suppose 4*z - 8*z + 24 =